3 + -2374?
-2371
In base 15, what is -d - 83e?
-84c
In base 6, what is 2 - 1224?
-1222
In base 11, what is 5 - 264?
-25a
In base 4, what is 3 + 100?
103
In base 6, what is 105043 - -1?
105044
In base 9, what is 3 + 4843?
4846
In base 13, what is -34 - 4?
-38
In base 10, what is -2 - -76?
74
In base 4, what is 3101010 + 2?
3101012
In base 16, what is 1c3 - 2?
1c1
In base 16, what is 82 - 3?
7f
In base 14, what is -2 - 220?
-222
In base 6, what is 552 - 1?
551
In base 3, what is -21220 - -12?
-21201
In base 4, what is 3203 - -10?
3213
In base 6, what is 113 + 0?
113
In base 5, what is -1 - -201?
200
In base 8, what is 2 + -67?
-65
In base 8, what is 536 + -2?
534
In base 16, what is eb - 20?
cb
In base 8, what is 16 + -106?
-70
In base 9, what is -1 - 8?
-10
In base 13, what is a28 + -1?
a27
In base 3, what is -11 - 112?
-200
In base 6, what is 142 - -3?
145
In base 10, what is -5 + -150?
-155
In base 12, what is -2 + -128?
-12a
In base 11, what is 242 - -16?
258
In base 6, what is 23214 + 2?
23220
In base 8, what is 100 - 24?
54
In base 12, what is 15 - -3?
18
In base 4, what is 313 + 3?
322
In base 3, what is 1111 + -20?
1021
In base 8, what is 5 - 3513?
-3506
In base 13, what is -1 - 45c?
-460
In base 2, what is -10 + 11010110011?
11010110001
In base 16, what is -113 + -39?
-14c
In base 3, what is 10020001 - -10?
10020011
In base 6, what is -4315 - -1?
-4314
In base 12, what is -7 - 19?
-24
In base 11, what is 99 - 62?
37
In base 9, what is 17 + -360?
-342
In base 11, what is 1 - -85?
86
In base 7, what is -4 + -2015?
-2022
In base 6, what is -34 + 2?
-32
In base 9, what is -4 - 21?
-25
In base 7, what is -343255 + -1?
-343256
In base 16, what is -17 - 4b?
-62
In base 3, what is 11 - -202?
220
In base 9, what is 46 - -27?
74
In base 11, what is -190 - -4?
-187
In base 15, what is 0 - -623?
623
In base 9, what is 226 - -2?
228
In base 15, what is 103 - -5?
108
In base 12, what is 6989 - -3?
6990
In base 6, what is 5 + 2111?
2120
In base 16, what is -30b - -3?
-308
In base 5, what is -320 + -1?
-321
In base 2, what is -101 + -110001010111?
-110001011100
In base 4, what is 11 + 3210?
3221
In base 11, what is -3 + -14?
-17
In base 12, what is 29 + 7?
34
In base 2, what is -10010 - 101000?
-111010
In base 5, what is 1 + 213?
214
In base 7, what is -1 - -60?
56
In base 11, what is 3 + 5?
8
In base 12, what is 5 + -836?
-831
In base 16, what is 0 + ada?
ada
In base 2, what is 100 + 10010?
10110
In base 5, what is 0 - -3201?
3201
In base 3, what is -12 + -1210?
-1222
In base 6, what is -1413 + 0?
-1413
In base 7, what is -5 + 2561?
2553
In base 8, what is -67 + -4?
-73
In base 16, what is 2 + 36?
38
In base 15, what is 1 + -1c?
-1b
In base 10, what is 77 - -70?
147
In base 9, what is 12 + 1677?
1700
In base 16, what is 15 - 4?
11
In base 2, what is 111000 - 11101?
11011
In base 7, what is -1 + -126?
-130
In base 13, what is 0 - 31?
-31
In base 14, what is 868 + 5?
86d
In base 15, what is -417 + 5?
-412
In base 8, what is 1172 + -5?
1165
In base 3, what is 1000 - -12120?
20120
In base 3, what is -1011100 - -21?
-1011002
In base 16, what is 29b + -1?
29a
In base 4, what is -33 - 2032?
-2131
In base 6, what is 51 + -31?
20
In base 3, what is 1021221 - 1?
1021220
In base 5, what is -2 + 441?
434
In base 11, what is -478 - -2?
-476
In base 12, what is 0 + -4346?
-4346
In base 8, what is 6 - -1?
7
In base 14, what is -453 - 7?
-45a
In base 8, what is 2 + 30?
32
In base 2, what is 0 - 110000?
-110000
In base 14, what is 57 + 4?
5b
In base 16, what is 60 + -5?
5b
In base 16, what is -f + -5?
-14
In base 3, what is 200 - 1012001?
-1011101
In base 6, what is 4 + 2343?
2351
In base 4, what is 220200 - 10?
220130
In base 16, what is -3 - -b8a?
b87
In base 10, what is 418 + -1?
417
In base 4, what is -10 - 11020?
-11030
In base 14, what is 395 - 0?
395
In base 5, what is 34110 + -3?
34102
In base 8, what is -33305 - 1?
-33306
In base 10, what is 1 + -92?
-91
In base 5, what is 2213 - -2?
2220
In base 6, what is 2411 - 1?
2410
In base 12, what is -4 - -3590?
3588
In base 8, what is 2 - -263?
265
In base 6, what is -35003 - 0?
-35003
In base 13, what is -124 - 3?
-127
In base 8, what is -4 + 46?
42
In base 4, what is 2 - 313?
-311
In base 4, what is 0 - -20212?
20212
In base 10, what is 50 - 122?
-72
In base 14, what is 128b + 1?
128c
In base 8, what is -272 + 1?
-271
In base 8, what is 3007 + 7?
3016
In base 11, what is -810 + 15?
-7a6
In base 4, what is -22320 + -2?
-22322
In base 14, what is 13 + -c3?
-b0
In base 7, what is -45 + 5?
-40
In base 12, what is -92 - 5?
-97
In base 16, what is 5 - -f7?
fc
In base 8, what is 1 + -56?
-55
In base 8, what is 500 + -5?
473
In base 14, what is 16b - 2?
169
In base 2, what is 0 + 111001000?
111001000
In base 4, what is -22223 + 11?
-22212
In base 13, what is -8 + 113?
108
In base 2, what is 111110 + -11010?
100100
In base 9, what is 2440 - 5?
2434
In base 13, what is 506 + 4?
50a
In base 14, what is 1b5 + -2?
1b3
In base 15, what is 82 + 26?
a8
In base 16, what is 23 + 148?
16b
In base 2, what is -100001 - -1000?
-11001
In base 5, what is -1 - -31?
30
In base 8, what is 15 - -31?
46
In base 9, what is 427 - -10?
437
In base 13, what is -2 + -43?
-45
In base 11, what is -85 - 12?
-97
In base 5, what is 2 - -40220?
40222
In base 13, what is 1219 - 2?
1217
In base 9, what is 10224 + -3?
10221
In base 16, what is 1e - -3c?
5a
In base 7, what is -3 - -1026?
1023
In base 3, what is -12 - -121021?
121002
In base 16, what is 27 - a?
1d
In base 16, what is -3 + 10?
d
In base 4, what is 10203 - -10?
10213
In base 14, what is -8b63 + -1?
-8b64
In base 8, what is -5 + 6501?
6474
In base 16, what is 3 - -20?
23
In base 14, what is -1c8 - -27?
-1a1
In base 7, what is -4466 + -5?
-4504
In base 8, what is -11 - 357?
-370
In base 14, what is 45 + c?
53
In base 14, what is -460 - -1?
-45d
In base 2, what is 110100001 + -100?
110011101
In base 5, what is 34 + -103?
-14
In base 9, what is -5 + -25?
-31
In base 2, what is 0 + -100110011?
-100110011
In base 9, what is 42 + -2?
40
In base 11, what is -59 + 10?
-49
In base 4, what is -310 + -220?
-1130
In base 9, what is -21 - 46?
-67
In base 10, what is 79 + 29?
108
In base 6, what is 13 + -1325?
-1312
In base 9, what is 3 - -5?
8
In base 15, what is -2a + -11?
-3b
In base 12, what is -3 - -a0?
99
In base 2, what is 10 + -100010100110?
-100010100100
In base 6, what is 3015 + -3?
3012
In base 3, what is -122 + 2?
-120
In base 7, what is -15 - 656?
-1004
In base 11, what is -14 + a4?
90
In base 9, what is 6117 - -3?
6121
In base 8, what is 2 - -5?
7
In base 16, what is 2 + cb?
cd
In base 8, what is 23 + 5?
30
In base 2, what is -11 - -100001?
11110
In base 2, what is 0 + 101111011?
101111011
In base 8, what is -1117 - 1?
-1120
In base 4, what is -2003021 + -1?
-2003022
In base 7, what is 23 + -2204?
-2151
In base 13, what is -3b - 1?
-3c
In base 4, what is -1110 - 11?
-1121
In base 5, what is 1 - 112324?
-112323
In base 8, what is 5 + -177?
-172
In base 14, what is -2 + -c58?
-c5a
In base 2, what is 0 + 10111001?
10111001
In base 16, what is -21fa - -2?
-21f8
In base 14, what is -40 - 2?
-42
In base 13, what is 1 + -11a?
-119
In base 14, what is -c4a - -9?
-c41
In base 3, what is 211022 - -12?
211111
In base 8, what is 2031 - -12?
2043
In base 10, what is 5 + 1075?
1080
In base 13, what is 48 + 9a?
115
In base 11, what is 4 + -7?
-3
In base 6, what is -100 + -4?
-104
In base 11, what is 2 - 1760?
-1759
In base 13, what is -38 + 22?
-16
In base 9, what is 104 - -50?
154
In base 5, what is 11 + 2033?
2044
In base 11, what is 719 + 10?
729
In base 3, what is 110 + 20121?
21001
In base 7, what is 5 + -4542?
-4534
In base 8, what is 0 - 165?
-165
In base 2, what is 10 - -10?
100
In base 14, what is 17 - -1?
18
In base 5, what is -31031 + 0?
-31031
In base 4, what is -3002 + 11?
-2331
In base 7, what is -1 - -1351?
1350
In base 10, what is 455 + -2?
453
In base 6, what is 2 - 50?
-44
In base 6, what is -2211 + 4?
-2203
In base 8, what is 304 + -6?
276
In base 14, what is 2b - c8?
-9b
In base 12, what is -17 + -1?
-18
In base 11, what is -29 - -1?
-28
In base 3, what is -20112 - 0?
-20112
In base 10, what is -308 + 6?
-302
In base 13, what is 207 - 1?
206
In base 8, what is 65 - 161?
-74
In base 3, 